is the greatest common factor of 63 and c?
21
Let l be -2 + (91 - 1)*1. What is the greatest common factor of 11 and l?
11
Let s be 3/(-4) - ((-220)/16 + 1). Calculate the greatest common factor of s and 12.
12
Suppose -3*d + p = -7, p = -d + 2*d + 1. Calculate the highest common factor of d and 6.
2
Let u(m) = -m**2 + 18. Let c be u(0). Suppose 120 = 2*j - 2*k - c, -4*k = -5*j + 342. What is the highest common factor of 44 and j?
22
Let v = 43 + -21. Calculate the greatest common divisor of v and 44.
22
Let s(p) = -p + 13. Let d be s(10). Let v(u) be the first derivative of 33*u**2/2 - 3*u - 2. Let k be v(d). What is the highest common factor of 16 and k?
16
Let f = 27 + 5. Suppose 0 = -j - 5*o + 80, 2*j - 2*o - 2*o - 160 = 0. Calculate the greatest common factor of f and j.
16
Suppose -3*y = 2*y - 10. Calculate the highest common divisor of y and 16.
2
Let v(k) = -k**3 + 8*k**2 + 9*k + 9. Let o = -3 - -12. Let c be v(o). Let i = 2 + -1. What is the greatest common divisor of c and i?
1
Let p be (2 + 46)/(-1)*(4 - 5). Let j = 17 + -11. What is the greatest common divisor of p and j?
6
Let w(f) = f + 8. Let m be w(-8). Suppose m*d - 4 = -4*d, d - 21 = -4*q. Suppose -5*u - x = -933, 5*x = -5 - q. What is the greatest common divisor of u and 17?
17
Let n = -16 + 25. Let z be (-35)/(-1) + -1 + 2. Calculate the greatest common factor of z and n.
9
Let k be 1 + -4 - (2 - 4). Let q be (-2)/(-2) + 2 + k. Let m be 49/21 - (-1)/(-3). What is the highest common divisor of m and q?
2
Let z be 60/(1/2*2). What is the highest common divisor of z and 12?
12
Suppose 306 = 5*h - 44. What is the greatest common factor of 42 and h?
14
Suppose -3*g - 2*m = -6*m - 130, 4*m = g - 54. Calculate the greatest common factor of 2 and g.
2
Suppose -b - 4*n + 9*n = -227, 0 = -5*b + 3*n + 1201. Calculate the greatest common divisor of b and 11.
11
Suppose 2*x = 6*x + 8. Let f = 2 - x. Suppose -4*m - 5*c - 4 = 0, m + 12 = -m - 5*c. What is the greatest common divisor of m and f?
4
Let c be (-2)/(-3) - (215/(-15) + -6). What is the greatest common divisor of 210 and c?
21
Let t = 6 + -1. Suppose c - 14 = -j, 0*j + j - 26 = -t*c. What is the greatest common divisor of j and 88?
11
Let j(h) = 3*h**2 - h - 1. Let x be j(-1). Suppose 0 = 4*w + 20, 0 = -5*d + d - x*w + 21. What is the greatest common factor of 99 and d?
9
Let d be 93/6*-5*(-4)/10. What is the highest common divisor of d and 155?
31
Let j(n) = n**2 - 2*n - 4. Let y be j(-4). Let u be 4/(2 + -4) - -52. Calculate the greatest common divisor of u and y.
10
Let y(p) = 6*p**2 - 2*p - 6. Let n be y(-5). What is the greatest common divisor of n and 14?
14
Let w = -20 + 23. Suppose -2*t + 282 = k + 54, 0 = w*t + 3*k - 348. Calculate the greatest common divisor of t and 16.
16
Let c be (-156)/((-1)/((-5)/(-2))). Suppose 0 = -4*m - m - c. Let s be (8/(-12))/(4/m). Calculate the greatest common divisor of s and 91.
13
Let f = 4 + -5. Let j be f - (31 + 2)/(-1). Let o = -14 + j. What is the greatest common factor of o and 6?
6
Suppose 0 = -5*f + 2*u - 0*u + 102, -3*u - 3 = 0. Suppose -f - 44 = -4*a. Suppose -6*b + 352 = -4*b. What is the greatest common factor of a and b?
16
Suppose 4*b = -8, -4*s + 2*s + 32 = 5*b. What is the greatest common divisor of s and 42?
21
Let d(y) = -10*y**3 - y**2 - y. Let o(g) = g**2 + 7*g - 1. Let m = 0 + -7. Let z be o(m). Let v be d(z). What is the highest common divisor of 30 and v?
10
Let u(k) = -k**3 + 3*k**2 + k + 2. Let w be u(3). Suppose z + 4*z - 4*j - 65 = 0, 3*j + 15 = 0. Let x = z - w. What is the greatest common factor of x and 20?
4
Let f(a) = 133*a - 1. Let j be f(1). Let r be (-4)/(-2*(-3)/(-9)). Suppose -4*m + r = -42. What is the highest common divisor of m and j?
12
Let a(b) = -b**3 - 3*b**2 - 3*b - 4. Suppose 2*q - 6 = 4*q. Let c be a(q). Let o be (1 - 2)/(3/(-15)). What is the highest common factor of o and c?
5
Suppose 4*o - 153 - 7 = 0. Let y be (4/(-3))/((-1)/42). Let a = y - o. Calculate the greatest common factor of a and 24.
8
Let g be (3 - -10) + 2 + 0. Suppose 4 = -2*q + 10. Suppose 3*l = 4*l - q. What is the greatest common factor of g and l?
3
Suppose a - 17 = 5*g, 2*a - 25 = 3*g - 2*g. Let y be 18/4*160/a. Let h be ((-12)/(-10))/((-2)/(-20)). Calculate the greatest common factor of y and h.
12
Suppose -19*b - 34 = -21*b. Calculate the greatest common divisor of 272 and b.
17
Let i(l) = -l + 8. Let t be 3/6 + (-14)/(-4). Let u be i(t). What is the greatest common divisor of u and 4?
4
Suppose -5*l + 18 = -62. Let y = -372 - -548. What is the highest common divisor of l and y?
16
Let m = 2 + 0. Suppose 0 = -m*u - u + 18. Let s be 28*((-45)/21 - -3). Calculate the greatest common divisor of u and s.
6
Let o = -14 - -38. Let w be 4/6 - 1/(-3). Let k(n) = 35*n + 1. Let l be k(w). What is the greatest common factor of o and l?
12
Let l = -89 - -93. Suppose 4*c - 110 = 18. What is the highest common factor of l and c?
4
Let k(z) = 12*z + 6. Let m be (1 - -1)*14/4. Let b be k(m). What is the greatest common divisor of 10 and b?
10
Let r(n) = -n**2 + 4*n + 34. Let g be r(-3). Suppose -3*v = -253 - 137. What is the highest common divisor of v and g?
13
Suppose 1 - 9 = -4*t. Let z be -1*(-1)/((-2)/(-6)). Suppose -3*i - t*i + 375 = 5*q, 5*i = z*q + 375. Calculate the highest common divisor of 15 and i.
15
Suppose 0*t = 4*t - 112. Calculate the highest common factor of 196 and t.
28
Suppose w = -2*w + 81. Suppose -2*d = d - w. Calculate the highest common divisor of 72 and d.
9
Let k(w) be the third derivative of -w**6/120 - w**5/6 - w**4/2 + w**3/2 + 6*w**2. Let r be k(-9). What is the highest common factor of 120 and r?
30
Let s(l) = -l + 13. Let w be s(0). Let k = w - -7. Suppose 5*m + k = -5*x, -2*x = m - 5*x - 16. What is the highest common factor of 10 and m?
1
Suppose v + 3*a = 5 + 5, v = -2*a + 11. Calculate the highest common divisor of v and 91.
13
Let b(k) be the second derivative of 0 - 1/20*k**5 + 3/4*k**4 - 5/6*k**3 - 1/2*k**2 - 2*k. Let y be b(6). Calculate the highest common divisor of y and 11.
11
Let y be (-209)/(-7) + 1/7. Let w be ((-4)/(-5))/(4/y). What is the highest common divisor of 9 and w?
3
Let x be ((-8)/8)/((-2)/18). Calculate the highest common factor of x and 9.
9
Suppose 0 = -4*c - 31 - 9. Let h be (0/2 + c)/(-1). Let l(y) = -y**3 + 12*y**2 - 15*y + 2. Let m be l(h). Calculate the greatest common divisor of m and 13.
13
Suppose -i = -11 - 7. Calculate the greatest common factor of i and 6.
6
Let y be 1*(9 + 1 + 1). Let g(s) = -y*s - 6 - s**2 - s**2 + s**2. Let q be g(-7). Calculate the highest common factor of q and 11.
11
Suppose -9*x + 7*x + 10 = 0. Calculate the highest common divisor of x and 40.
5
Suppose 4*n - 219 = 1. Calculate the highest common factor of n and 5.
5
Let q be -1 - (1 - 2)*-2. Let v be 1*(-1 + (q - 270)). Let u = v + 418. Calculate the greatest common divisor of 16 and u.
16
Suppose -t = 4*p, 5 + 13 = 4*t - 2*p. Suppose t*c - 200 = -0*c. Let q(l) = -19*l**3 + l**2. Let s be q(-1). What is the highest common divisor of c and s?
10
Let o(z) = 13*z**2 + z + 4. Let i be o(-3). Suppose 0 = s - 5*s + y + 142, 0 = 3*s + 5*y - i. Calculate the greatest common factor of s and 24.
12
Let x = 67 - 47. Let g = -31 + 61. Calculate the highest common factor of x and g.
10
Let t = -187 + 194. Let k(u) = 2*u**2 + 5*u - 3. Let j be k(4). What is the greatest common divisor of j and t?
7
Suppose -16 = -4*g + 3*c, c = 3*g + 4*c - 12. Let x = -118 - 10. Let t be (9/g)/((-8)/x). Calculate the greatest common divisor of 4 and t.
4
Suppose -r + 18 = -2*m, 60 = 5*r - 7*m + 3*m. What is the greatest common factor of 8 and r?
8
Suppose -5 = -a + y, 0*y + 2*y = -4. Let q = a + -3. Let j be 1 + 2 + q + 1. What is the greatest common divisor of j and 8?
4
Suppose y + 2*j - 8 = -0*y, 4*y = 2*j + 72. Let i(u) = -u - 2. Let p be i(-6). Calculate the greatest common factor of y and p.
4
Let b = -2 - -7. Suppose 0 = b*t - 60 - 0. Calculate the highest common divisor of 18 and t.
6
Suppose 4*f + 2*t = -0*f + 58, -3 = t. Suppose 0 = -3*k + f - 4. What is the highest common factor of k and 36?
4
Suppose 5*r + 118 = 4*l, -5*r = -0*l + 2*l - 44. Let q be (2/2)/(2/6). What is the highest common divisor of l and q?
3
Suppose -21 - 12 = -3*z. Let s = -11 + 4